{"id":1431,"date":"2018-06-22T11:24:29","date_gmt":"2018-06-22T16:24:29","guid":{"rendered":"https:\/\/www.munecasmexicanas.com\/tienda\/index.php\/product\/import-placeholder-for-219\/"},"modified":"2022-09-19T12:43:03","modified_gmt":"2022-09-19T17:43:03","slug":"charra-negra","status":"publish","type":"product","link":"https:\/\/www.munecasmexicanas.com\/tienda\/producto\/charra-negra\/","title":{"rendered":"Charra Negra"},"content":{"rendered":"","protected":false},"excerpt":{"rendered":"<p>Porta saco y falda en terciopelo negro, decorado con espiguilla dorada, peinada a dos trenza. Sus accesorios: aretes y mo\u00f1o tricolor al cuello como corbata. Porta sombrero y reboso de colores. (Colores de accesorios pueden variar)<\/p>\n<p>&nbsp;<\/p>\n<p><strong>Historia y Significado:<\/strong><\/p>\n<p>El <strong>traje de charro<\/strong> como s\u00edmbolo de identidad de M\u00e9xico, por su tradici\u00f3n de origen campirano refleja parte de la cultura e identidad nacional.El <strong>traje de charro representa lo mexicano<\/strong> y antes que nada, al mexicano surgido del mestizo a partir del siglo XVI.<\/p>\n<p>El <strong>traje de charro<\/strong> se clasifica en tres categor\u00edas: de faena, de media gala y de gala. Esta \u00faltima se subdivide en traje de etiqueta o ceremonia, con el cual no se puede montar<\/p>\n[gallery columns=\"4\" size=\"medium\" ids=\"472,473,475,474\"]\n<div style=\"margin-left: 68px;\"><a href=\"https:\/\/www.amazon.com.mx\/Colecciones-Mu%C3%B1ecas-T%C3%ADpicas-Mexicanas-accesorios\/dp\/B08LV4RM72\/ref=sr_1_1?keywords=EULALIA+COLECCIONES+-+Mu%C3%B1ecas+T%C3%ADpicas+Mexicanas&#038;qid=1661966281&#038;s=handmade&#038;search-type=ss&#038;sr=1-1\" target=\"_blank\" rel=\"noopener\"><img decoding=\"async\" class=\"alignnone size-full wp-image-1875\" src=\"https:\/\/www.munecasmexicanas.com\/tienda\/wp-content\/uploads\/2018\/06\/Banner-eulalia-01A-300x114c.png\" alt=\"\" width=\"197\" height=\"67\" \/><\/a><\/div>\n","protected":false},"featured_media":37,"template":"","meta":[],"product_cat":[39],"product_tag":[22],"class_list":{"0":"post-1431","1":"product","2":"type-product","3":"status-publish","4":"has-post-thumbnail","6":"product_cat-eulalia-colecciones","7":"product_tag-charra-negra","9":"first","10":"instock","11":"taxable","12":"shipping-taxable","13":"purchasable","14":"product-type-simple"},"_links":{"self":[{"href":"https:\/\/www.munecasmexicanas.com\/tienda\/wp-json\/wp\/v2\/product\/1431"}],"collection":[{"href":"https:\/\/www.munecasmexicanas.com\/tienda\/wp-json\/wp\/v2\/product"}],"about":[{"href":"https:\/\/www.munecasmexicanas.com\/tienda\/wp-json\/wp\/v2\/types\/product"}],"wp:featuredmedia":[{"embeddable":true,"href":"https:\/\/www.munecasmexicanas.com\/tienda\/wp-json\/wp\/v2\/media\/37"}],"wp:attachment":[{"href":"https:\/\/www.munecasmexicanas.com\/tienda\/wp-json\/wp\/v2\/media?parent=1431"}],"wp:term":[{"taxonomy":"product_cat","embeddable":true,"href":"https:\/\/www.munecasmexicanas.com\/tienda\/wp-json\/wp\/v2\/product_cat?post=1431"},{"taxonomy":"product_tag","embeddable":true,"href":"https:\/\/www.munecasmexicanas.com\/tienda\/wp-json\/wp\/v2\/product_tag?post=1431"}],"curies":[{"name":"wp","href":"https:\/\/api.w.org\/{rel}","templated":true}]}}